Calculate b(i).
-6
Let i(l) = l**2 + 2*l + 4. Suppose 3*o = 2*m - 15, -4*o + 0*o - 15 = -m. Let s(x) = -x**2 - 2*x - 3. Let c(r) = m*s(r) + 2*i(r). Give c(-3).
-4
Let j = -19 + 27. Suppose 4 + j = -4*y. Let g(c) = -c + 1 - 3 - c. Give g(y).
4
Suppose 3*t - 1 = p - 2, 0 = -3*t + 4*p - 4. Let q(a) = -3*a**2 - a + t*a + 4*a**2 + 4*a. Determine q(-3).
0
Let w(u) be the third derivative of -u**5/60 - 5*u**4/24 + u**3 - u**2. Let p(h) = -h**3 - 12*h**2 + 13*h - 6. Let l be p(-13). What is w(l)?
0
Let d(z) = z**2 - 9*z + z + z**3 + 3*z**2 - 4 + z. Calculate d(-5).
6
Suppose 0 = 3*z + 3*h, -2*h - h = 4*z - 4. Suppose -5*k + 30 = z*l, 5*k - 2*k = 3*l - 9. Let i(n) = -2*n - k*n**2 + 2*n**2 + 1 - 2 + n**2. Give i(3).
2
Suppose -s - 5*g = -13 - 15, 12 = -s + 3*g. Let v(h) = -h**3 + 4*h**2 - h + 3. Calculate v(s).
9
Suppose 9 = 3*l + 3. Suppose 3*d = -l*d. Let i(m) = 1. Let t(a) = -a - 2. Let f(n) = -2*i(n) - t(n). Give f(d).
0
Let m(r) be the second derivative of r**4/12 + 5*r**3/6 - 3*r**2/2 + 8*r. Calculate m(-6).
3
Let l(y) = 22*y**2 + y - 1. Let u be l(1). Suppose a - 2 = 2. Suppose 2 = a*r + u. Let o(n) = -n**3 - 5*n**2 + n + 1. What is o(r)?
-4
Let m = -148 - -144. Let d(j) = -j**2 - j - 5. Calculate d(m).
-17
Let a(v) = v**3 + 5*v**2 + 4*v - 1. Let i = 7 + -5. Suppose 0 = i*m + 2*m. Let d = m + -4. Determine a(d).
-1
Let n(m) = 3*m**2 + 1. Suppose -5*c - 2*w = 6, w = -5*c - 11 + 3. Determine n(c).
13
Let j(q) = q**2 + 8*q - 6. Let s be j(-9). Let t(p) = -4 + p**2 + 10*p + 9 - s*p. What is t(-5)?
-5
Let f(w) = 7*w**2 - 4*w - 1. Let g(l) = -l**2 + l. Let x(o) = f(o) + 6*g(o). Give x(-2).
-1
Let w(t) = t**3 + 3*t**2 - 2. Let y be w(-3). Let q be -4 + 2 + y - -3. Let m(r) = -12*r**2 + 1. Give m(q).
-11
Let s(y) be the first derivative of -11*y**2/2 + 6. What is s(-1)?
11
Let d(n) = n. Let f = -16 + 17. What is d(f)?
1
Let d(b) = 9*b - 8. Let c(u) = -10*u + 9. Let p(l) = -6*c(l) - 7*d(l). What is p(-3)?
11
Let o(n) = 6 - 2*n + 6*n - 3. Give o(-2).
-5
Let g = 12 - 9. Suppose g*m + 6 = -9. Let b(f) be the third derivative of -f**5/60 - f**4/6 + f**3 + f**2. What is b(m)?
1
Let f(n) = -n**2 - 7*n - 4. Let h be f(-6). Let b(l) = 2*l - 1 + h*l - 2*l. Calculate b(4).
7
Suppose -10 = -2*z + 7*z + 5*m, -z + m + 6 = 0. Let x(g) = -g**3 + 4*g**2 - 1 + 1 + z. Calculate x(4).
2
Let j(o) = 5*o. Let u(s) = -s - 8. Let k be u(-9). Let g be j(k). Let h(d) = -d - 2. Calculate h(g).
-7
Let h be 1*1/3*3. Let n(u) = 5*u - 1. Let g be n(h). Suppose 0*d - 20 = -g*d. Let z(f) = f - 1. What is z(d)?
4
Let k(w) be the second derivative of 0 + 1/2*w**2 + 1/3*w**4 + 3*w + 0*w**3. Calculate k(1).
5
Let p(i) = -i + 3 + 2 + 7*i - 5*i. What is p(-3)?
2
Let g be (-6)/9*(8 + 4). Let d(l) = l + 6. Calculate d(g).
-2
Let x(p) = p**3 + 4*p**2 + p. Suppose 4*n - 30 - 4 = -2*q, 2*n = -5*q + 5. Suppose n = -u + 3*t, -5*u = -5*t + 11 + 19. Determine x(u).
-4
Let o(l) = -2*l**2 + 5*l + 5. Let v be 4/(-14) + (-114)/42. Let w(d) = 3*d**2 - 9*d - 9. Let r be (3 + -2)/1*-5. Let i(a) = r*o(a) + v*w(a). What is i(-2)?
2
Suppose 0 = -2*w - 3 - 5. Let v(f) = -f + 1. Give v(w).
5
Let d(i) = -i - 1. Let l(k) = 5*k + 5. Let a(j) = 9*d(j) + 2*l(j). Let f be -6 - (-2)/((-2)/(-3)). What is a(f)?
-2
Let q(u) = -u**3 - 8*u**2 - 8*u - 1. Let s be q(-7). Suppose 5*r - 27 = -3*i, i = -3*r + s*i + 23. Let j(v) = -3*v + 9. Give j(r).
-9
Let b(p) = -3*p + 2. Suppose 2*t + 2*t = 4. Let w(n) = 5*n**2. Let x be w(t). Suppose 12 = -v - 3*d, -9*v + x*v + 22 = -2*d. Give b(v).
-7
Let d be ((-3)/9)/((-1)/39). Let o(l) = 9 - d*l - 3 + 16*l. Determine o(-4).
-6
Let m(x) = x**2 - 3*x - 11. Let c(w) = 4*w**2 - 9*w - 35. Let d(i) = -2*c(i) + 7*m(i). What is d(-6)?
-25
Suppose 0 = -3*p + q - 1, -1 = 5*p - 3*q + 2. Suppose -3*f + 16 = f. Let l(w) = f + 3 - 2 - w. Determine l(p).
5
Let g(z) = -1 + 4 + 2*z - 1. Suppose -2*p = -2*w, 3*w - p + 2*p = 4. Let n = -4 + w. Calculate g(n).
-4
Let z(m) be the first derivative of m**4/4 - m**3/3 - m**2/2 - 8*m + 1. Calculate z(0).
-8
Let m(c) be the first derivative of -c**4/4 + c**3/3 - c**2/2 + 5*c + 53. Suppose -a = o - 4, 0*a + 5*a = -2*o + 8. Calculate m(a).
5
Let t = 5 + -10. Let d(v) = 0*v - v**2 + 0*v + v**3 + 7*v**2 + 5*v. Give d(t).
0
Let z = 10 - 0. Let b(f) = f**3 - 10*f**2 - f + 12. Determine b(z).
2
Let t = 0 + 0. Let h(b) = b - 4 + 0 + b**2 + t. Let p be (3/3)/(4/(-16)). Calculate h(p).
8
Let q(p) = p**3 - 4*p**2 + p + 1. Let k(w) = -w**2 - 4*w - 4. Let r be k(-3). Let u = r + 3. Suppose -4 = -u*n + n. What is q(n)?
5
Let l(c) = c**3 - 3*c**2 + c. Suppose -174 = -3*a - 165. What is l(a)?
3
Let m(y) = -y**2 - 7*y - 3. Let f be m(-6). Suppose -4*v = f*o - 4 + 3, -2*o - 3 = -v. Let h(b) = 9*b**3 - b**2 - b. Calculate h(o).
-9
Let x be 8/6 + (-2)/6. Let a(r) = 5*r - 11. Let y(d) = 9*d - 1. Let w(k) = -2*k. Let g(i) = 26*w(i) + 6*y(i). Let u(o) = 6*a(o) - 11*g(o). Calculate u(x).
8
Suppose -2*k + 2 = -0*k. Let m(n) = n**3 + n**2 - 1. Let w be m(k). Let b(x) = -x + 3*x**2 + 1 - x**3 - w. Determine b(3).
-3
Let w(j) be the third derivative of j**6/120 + j**5/15 + j**4/12 + 3*j**2 - 2*j. Give w(-4).
-8
Let b be ((-4)/(-10))/(1/(-5)). Let c(k) = -k**3 - 5*k**2 - 6*k - 5. Let f be c(-4). Let w(l) = 4 - 5 - f*l - l + l. Give w(b).
5
Let z be 4/(1/((-1)/1)). Let n(h) = 4*h**3 + h**2 - 2*h + 9. Let q(g) = -5*g**3 - 2*g**2 + 3*g - 10. Let w(x) = 6*n(x) + 5*q(x). Give w(z).
-8
Let r = 5 - 5. Let n(l) be the first derivative of -l**4/24 + 5*l**3/6 - 3*l**2/2 + 1. Let g(s) be the second derivative of n(s). Give g(r).
5
Let k(b) = -b**3 + 5*b**2 + 8*b - 6. Let g(p) = 4*p + 90. Let r be g(-21). Determine k(r).
6
Let w(d) = d - 6. Suppose 0 = -5*f - 3*v + 32, 0 = f - 2*f - 3*v + 4. Give w(f).
1
Let n(g) = g**2 + 3*g - 6. Let d be n(2). Let c(s) = s**2 + 3. Determine c(d).
19
Let g be 6/(-4)*(-4)/3. Suppose -2*t = -b - 3, 0 = -3*t + 4*t + 3*b + g. Let x(j) = -5*j**2 - j + 1. Determine x(t).
-5
Let v(r) = 2*r + 1. Suppose -23 + 8 = -3*j. Suppose -51 = -j*y - 6. Let g(a) = -a**3 + 8*a**2 + 8*a + 7. Let t be g(y). What is v(t)?
-3
Let x(h) = 10*h - 1. Let o be (6/(-20))/(9/(-12))*-5. Determine x(o).
-21
Let h(f) = -6*f**2 - 1. Let c(x) = 2*x**2 - 10*x + 13. Let k be c(3). Give h(k).
-7
Let n be (1 - 1)/(3/(-1) + 2). Let i(o) be the second derivative of n - 3*o - 1/3*o**3 - 5/2*o**2. Determine i(-5).
5
Let g(h) be the second derivative of h**5/20 + 5*h**4/12 - 3*h**2/2 - 9*h. Calculate g(-5).
-3
Let y(v) = -v**2 - v + 8. Let j be (-4)/16 - (-33)/4. Suppose -j*p + 6 = -10*p. Let w = p - -3. What is y(w)?
8
Suppose -3*m - n + 5 = -3*n, -m + 3*n - 3 = 0. Let v(c) = 2 - 4 + 0*c**2 - c**2 - m*c. Determine v(-2).
0
Let u(t) = t**3 - 4*t**2 - 2*t + 3. Suppose -3*v = -1 - 11. Determine u(v).
-5
Let q(d) = -d**2 - 2. Suppose 2*c - 5*c + 2*j = -23, -3*j = c - 4. Let z be (0 + -2 + c)*-1. Let u = 5 + z. What is q(u)?
-2
Let w(z) = z**3 - 3*z**2 + 5*z + 4. Let s be w(4). Let c be ((-6)/(-10))/((-8)/s). Let x(n) = -n + 2. Determine x(c).
5
Suppose t + 3 - 1 = 0. Let p(b) = b. Let n(r) = 2*r - 1 - 2*r + 4*r. Let s(q) = n(q) - 3*p(q). Determine s(t).
-3
Let f = 23 - 27. Let j(l) = -l**2 - 4*l + 4. What is j(f)?
4
Let f(l) = -l**3 + 4*l**2 + 5*l - 2. Let q(a) = a**3 - 9*a**2 + 8*a + 1. Let d be q(8). Let w be (-6 - -8)*7*d. Let u = -9 + w. What is f(u)?
-2
Let d = 56 - 89. Let z be 6/(-33) - (-27)/d. Let p(b) = -6*b**2 + 4*b - 6. Let s(r) = -5*r**2 + 3*r - 5. Let c(t) = 4*p(t) - 5*s(t). Calculate c(z).
1
Let m(h) = -9*h**2 - 1. Let t = -15 - -15. Suppose 5*c - c + 4 = t. Calculate m(c).
-10
Let y(i) = -99*i + 100*i + 6 - 4 - 3 + i**2. Determine y(-3).
5
Let a(u) be the second derivative of -u**4/12 + 7*u**3/6 - 3*u**2/2 + 3*u. Determine a(5).
7
Let u(i) = 2*i - 7. Let r = 1 + 2. Let x(a) = 10*a - 145. Let p(g) = g - 16. Let n(h) = -35*p(h) + 4*x(h). Let z(y) = r*n(y) - 8*u(y). Calculate z(0).
-4
Suppose 3*o = -2*o. Suppose z + 0*z = o. Suppose -2*j + 5 - 1 = z. Let n(g) = -g**3 + g**2 + 3*g - 3. Give n(j).
-1
Let d(f) = f**2 - 6*f - 8. Let u be d(6). Let z(r) = r**3 + 9*r**2 + 8*r + 1. Let i be z(u). Let m(p) = -p**3 + 2*p**2 - 2*p + 1. Calculate m(i).
0
Let i(v) = 2*v**2 - 11*v - 9. Let x(z) = z**2 - 11*z - 8. Let s(n) = -2*i(n) + 3*x(n). Give s(-11).
-6
Let j(v) = v**2 - 6*v - 8. Suppose -k - 5*k = 42. Let n 